emainder when 48182126 is divided by 3761?
3716
Calculate the remainder when 100257494 is divided by 29.
28
What is the remainder when 132318 is divided by 32542?
2150
What is the remainder when 493289 is divided by 88?
49
Calculate the remainder when 65715231 is divided by 221.
218
What is the remainder when 1518463 is divided by 3367?
3313
Calculate the remainder when 70143 is divided by 25.
18
Calculate the remainder when 52432 is divided by 52417.
15
What is the remainder when 16468176 is divided by 8234079?
18
What is the remainder when 24709595 is divided by 16?
11
Calculate the remainder when 34747299 is divided by 114.
99
What is the remainder when 11139742 is divided by 2050?
42
Calculate the remainder when 255219498 is divided by 51043898.
8
What is the remainder when 22133587 is divided by 269?
267
What is the remainder when 5559186 is divided by 473?
17
What is the remainder when 55340 is divided by 54808?
532
What is the remainder when 43916 is divided by 3364?
184
What is the remainder when 358279 is divided by 132?
31
Calculate the remainder when 332490 is divided by 1485.
1335
What is the remainder when 353238748 is divided by 125?
123
What is the remainder when 1269815 is divided by 367?
362
What is the remainder when 1700230 is divided by 1992?
1054
What is the remainder when 4436873 is divided by 134?
133
Calculate the remainder when 4870055 is divided by 360.
335
Calculate the remainder when 8275754 is divided by 106.
16
What is the remainder when 782885 is divided by 127?
57
Calculate the remainder when 331086 is divided by 165319.
448
What is the remainder when 142251 is divided by 472?
179
Calculate the remainder when 3690770 is divided by 738152.
10
What is the remainder when 2595669 is divided by 77?
76
What is the remainder when 11526551 is divided by 195365?
16
What is the remainder when 21229 is divided by 1416?
1405
Calculate the remainder when 640262 is divided by 372.
50
What is the remainder when 960765 is divided by 45659?
1926
Calculate the remainder when 331270 is divided by 110343.
241
What is the remainder when 13955275 is divided by 775291?
37
What is the remainder when 3407579 is divided by 4352?
4315
What is the remainder when 28895 is divided by 210?
125
What is the remainder when 109139 is divided by 258?
5
Calculate the remainder when 209627 is divided by 51986.
1683
Calculate the remainder when 40167 is divided by 703.
96
Calculate the remainder when 7189745 is divided by 6.
5
What is the remainder when 3215230 is divided by 30620?
130
What is the remainder when 4851252 is divided by 1205?
1127
Calculate the remainder when 6043087 is divided by 262742.
21
What is the remainder when 12823331 is divided by 8?
3
Calculate the remainder when 162520 is divided by 971.
363
Calculate the remainder when 28697 is divided by 5170.
2847
Calculate the remainder when 1083224 is divided by 11647.
53
Calculate the remainder when 185824 is divided by 2041.
93
Calculate the remainder when 860386 is divided by 857.
815
What is the remainder when 879726 is divided by 879719?
7
What is the remainder when 24907045 is divided by 206?
203
Calculate the remainder when 3763336 is divided by 592.
584
What is the remainder when 5489641 is divided by 5489631?
10
Calculate the remainder when 6419726 is divided by 39.
14
What is the remainder when 127473 is divided by 15772?
1297
What is the remainder when 7949 is divided by 1423?
834
Calculate the remainder when 15449 is divided by 2956.
669
Calculate the remainder when 598716 is divided by 2050.
116
Calculate the remainder when 274845 is divided by 73.
0
Calculate the remainder when 2861979 is divided by 264.
219
Calculate the remainder when 149418 is divided by 4383.
396
What is the remainder when 17608350 is divided by 182?
32
Calculate the remainder when 64962151 is divided by 55.
1
Calculate the remainder when 111749 is divided by 890.
499
What is the remainder when 8680304 is divided by 572?
204
Calculate the remainder when 9336182 is divided by 40.
22
Calculate the remainder when 36928 is divided by 998.
2
What is the remainder when 1107911 is divided by 665?
21
Calculate the remainder when 155711 is divided by 6599.
3934
What is the remainder when 133728 is divided by 1045?
1013
What is the remainder when 1002797 is divided by 171?
53
Calculate the remainder when 61378389 is divided by 9721.
9716
Calculate the remainder when 20097669 is divided by 54318.
9
What is the remainder when 457018 is divided by 16?
10
Calculate the remainder when 124100 is divided by 2170.
410
Calculate the remainder when 214478 is divided by 187.
176
What is the remainder when 683775 is divided by 1373?
21
Calculate the remainder when 1555083 is divided by 1694.
1685
Calculate the remainder when 2040087 is divided by 1020003.
81
What is the remainder when 611745 is divided by 293?
254
What is the remainder when 32482 is divided by 45?
37
Calculate the remainder when 6184022 is divided by 308.
306
Calculate the remainder when 1082062 is divided by 2512.
1902
What is the remainder when 1952253 is divided by 1952237?
16
Calculate the remainder when 322302 is divided by 298.
164
What is the remainder when 20038 is divided by 114?
88
Calculate the remainder when 266901 is divided by 24260.
41
Calculate the remainder when 368309 is divided by 3233.
2980
What is the remainder when 19138616 is divided by 1668?
1652
Calculate the remainder when 72125348 is divided by 385697.
9
What is the remainder when 41011907 is divided by 13670619?
50
What is the remainder when 767201 is divided by 23240?
281
What is the remainder when 1337055 is divided by 2431?
5
Calculate the remainder when 9438044 is divided by 96.
92
Calculate the remainder when 35244 is divided by 34511.
733
What is the remainder when 4235 is divided by 3424?
811
What is the remainder when 84539 is divided by 11727?
2450
Calculate the remainder when 1215460 is divided by 12.
4
What is the remainder when 617835 is divided by 1376?
11
What is the remainder when 27644391 is divided by 1097?
1088
Calculate the remainder when 1007499 is divided by 250.
249
What is the remainder when 595343 is divided by 11?
1
Calculate the remainder when 109098 is divided by 98.
24
Calculate the remainder when 4194841 is divided by 945.
931
Calculate the remainder when 278442942 is divided by 661.
658
Calculate the remainder when 3892541 is divided by 687.
686
Calculate the remainder when 529622 is divided by 52962.
2
Calculate the remainder when 119014 is divided by 1951.
3
Calculate the remainder when 3074175 is divided by 896.
895
What is the remainder when 6959 is divided by 6075?
884
What is the remainder when 4786081 is divided by 1562?
113
What is the remainder when 4721333 is divided by 7882?
15
What is the remainder when 17460 is divided by 2736?
1044
Calculate the remainder when 7975 is divided by 1635.
1435
Calculate the remainder when 1534514 is divided by 1534042.
472
What is the remainder when 2405980 is divided by 240595?
30
Calculate the remainder when 4971401 is divided by 2485688.
25
Calculate the remainder when 47751091 is divided by 9550217.
6
What is the remainder when 1429474 is divided by 119121?
22
Calculate the remainder when 56479198 is divided by 60.
58
Calculate the remainder when 61121366 is divided by 8.
6
Calculate the remainder when 100950 is divided by 6484.
3690
Calculate the remainder when 52913 is divided by 6613.
9
Calculate the remainder when 170196 is divided by 245.
166
What is the remainder when 96363693 is divided by 3336?
3333
Calculate the remainder when 30961528 is divided by 130.
78
What is the remainder when 1206676 is divided by 36?
28
Calculate the remainder when 249119 is divided by 124416.
287
Calculate the remainder when 3611038 is divided by 300893.
322
What is the remainder when 32211590 is divided by 566?
530
What is the remainder when 5864436 is divided by 196?
116
Calculate the remainder when 42907 is divided by 75.
7
Calculate the remainder when 140298818 is divided by 6.
2
Calculate the remainder when 577092 is divided by 28596.
5172
What is the remainder when 222563206 is divided by 14?
12
What is the remainder when 117310 is divided by 39028?
226
Calculate the remainder when 126008 is divided by 5178